{"id":2,"date":"2020-08-26T10:25:41","date_gmt":"2020-08-26T10:25:41","guid":{"rendered":"http:\/\/ecolesdemines.be\/?page_id=2"},"modified":"2025-04-30T09:06:17","modified_gmt":"2025-04-30T09:06:17","slug":"sample-page","status":"publish","type":"page","link":"https:\/\/ecolesdemines.be\/index.php\/sample-page\/","title":{"rendered":"Notre \u00e9cole"},"content":{"rendered":"\t\t<div data-elementor-type=\"wp-page\" data-elementor-id=\"2\" class=\"elementor elementor-2\">\n\t\t\t\t\t\t<section class=\"elementor-section elementor-top-section elementor-element elementor-element-21e2b1b2 elementor-section-boxed elementor-section-height-default elementor-section-height-default\" data-id=\"21e2b1b2\" data-element_type=\"section\" data-e-type=\"section\">\n\t\t\t\t\t\t<div class=\"elementor-container elementor-column-gap-default\">\n\t\t\t\t\t<div class=\"elementor-column elementor-col-100 elementor-top-column elementor-element elementor-element-14412882\" data-id=\"14412882\" data-element_type=\"column\" data-e-type=\"column\">\n\t\t\t<div class=\"elementor-widget-wrap elementor-element-populated\">\n\t\t\t\t\t\t<div class=\"elementor-element elementor-element-191612c2 elementor-drop-cap-yes elementor-drop-cap-view-default elementor-widget elementor-widget-text-editor\" data-id=\"191612c2\" data-element_type=\"widget\" data-e-type=\"widget\" data-settings=\"{&quot;drop_cap&quot;:&quot;yes&quot;}\" data-widget_type=\"text-editor.default\">\n\t\t\t\t<div class=\"elementor-widget-container\">\n\t\t\t\t\t\t\t\t\t<p><\/p>\n<p><a href=\"https:\/\/ecolesdemines.be\/index.php\/sample-page\/absences\/\" data-type=\"page\" data-id=\"20\">Absences<\/a><\/p>\n<p><\/p>\n<p><\/p>\n<p><a href=\"https:\/\/ecolesdemines.be\/index.php\/sample-page\/garderies-etudes\/\" data-type=\"page\" data-id=\"16\">Garderies\/\u00e9tudes<\/a><\/p>\n<p><\/p>\n<p><\/p>\n<p><a href=\"https:\/\/ecolesdemines.be\/index.php\/sample-page\/horaire\/\" data-type=\"page\" data-id=\"14\">Horaire<\/a><\/p>\n<p><\/p>\n<p><\/p>\n<p><a href=\"https:\/\/ecolesdemines.be\/index.php\/sample-page\/notre-equipe\/\" data-type=\"page\" data-id=\"8\">Notre \u00e9quipe<\/a><\/p>\n<p><\/p>\n<p><\/p>\n<p class=\"has-black-color has-text-color\"><a href=\"https:\/\/ecolesdemines.be\/index.php\/projet-decole\/\" data-type=\"page\" data-id=\"10\">Projet d&rsquo;\u00e9cole<\/a><\/p>\n<p><\/p>\n<p><\/p>\n<p><a href=\"https:\/\/ecolesdemines.be\/index.php\/sample-page\/reglement-dordre-interieur\/\" data-type=\"page\" data-id=\"12\">R\u00e8glement d&rsquo;ordre int\u00e9rieur<\/a><\/p>\n<p><\/p>\n<p><\/p>\n<p><a href=\"https:\/\/ecolesdemines.be\/index.php\/sample-page\/repas-et-collations\/\" data-type=\"page\" data-id=\"18\">Repas et collations<\/a><\/p>\n<p><\/p>\n<p><\/p>\n<p><\/p>\n<p><\/p>\n<p><\/p>\t\t\t\t\t\t\t\t<\/div>\n\t\t\t\t<\/div>\n\t\t\t\t\t<\/div>\n\t\t<\/div>\n\t\t\t\t\t<\/div>\n\t\t<\/section>\n\t\t\t\t<\/div>\n\t\t","protected":false},"excerpt":{"rendered":"<p>Absences Garderies\/\u00e9tudes Horaire Notre \u00e9quipe Projet d&rsquo;\u00e9cole R\u00e8glement d&rsquo;ordre int\u00e9rieur Repas et collations<\/p>\n","protected":false},"author":1,"featured_media":0,"parent":0,"menu_order":1,"comment_status":"closed","ping_status":"closed","template":"","meta":{"footnotes":""},"class_list":["post-2","page","type-page","status-publish","hentry"],"_links":{"self":[{"href":"https:\/\/ecolesdemines.be\/index.php\/wp-json\/wp\/v2\/pages\/2","targetHints":{"allow":["GET"]}}],"collection":[{"href":"https:\/\/ecolesdemines.be\/index.php\/wp-json\/wp\/v2\/pages"}],"about":[{"href":"https:\/\/ecolesdemines.be\/index.php\/wp-json\/wp\/v2\/types\/page"}],"author":[{"embeddable":true,"href":"https:\/\/ecolesdemines.be\/index.php\/wp-json\/wp\/v2\/users\/1"}],"replies":[{"embeddable":true,"href":"https:\/\/ecolesdemines.be\/index.php\/wp-json\/wp\/v2\/comments?post=2"}],"version-history":[{"count":18,"href":"https:\/\/ecolesdemines.be\/index.php\/wp-json\/wp\/v2\/pages\/2\/revisions"}],"predecessor-version":[{"id":2035,"href":"https:\/\/ecolesdemines.be\/index.php\/wp-json\/wp\/v2\/pages\/2\/revisions\/2035"}],"wp:attachment":[{"href":"https:\/\/ecolesdemines.be\/index.php\/wp-json\/wp\/v2\/media?parent=2"}],"curies":[{"name":"wp","href":"https:\/\/api.w.org\/{rel}","templated":true}]}}