{"id":20,"date":"2020-08-26T10:55:17","date_gmt":"2020-08-26T10:55:17","guid":{"rendered":"http:\/\/ecolesdemines.be\/?page_id=20"},"modified":"2025-04-30T09:06:17","modified_gmt":"2025-04-30T09:06:17","slug":"absences","status":"publish","type":"page","link":"https:\/\/ecolesdemines.be\/index.php\/sample-page\/absences\/","title":{"rendered":"Absences"},"content":{"rendered":"\n<p>La fr\u00e9quentation de l\u2019\u00e9cole est obligatoire d\u00e8s l\u2019\u00e2ge de 5 ans. D\u00e8s la 3<sup>\u00e8me<\/sup> maternelle, toute absence doit \u00eatre justifi\u00e9e par \u00e9crit \u00e0 l\u2019aide du formulaire \u00ab&nbsp;Justificatif d\u2019absence&nbsp;\u00bb. A partir du quatri\u00e8me jour d\u2019absence, un certificat m\u00e9dical doit \u00eatre remis.<\/p>\n\n\n\n<div class=\"wp-block-file\"><a href=\"https:\/\/ecolesdemines.be\/wp-content\/uploads\/2020\/10\/Justificatif-dabsence.pdf\">Justificatif-dabsence<\/a><a href=\"https:\/\/ecolesdemines.be\/wp-content\/uploads\/2020\/10\/Justificatif-dabsence.pdf\" class=\"wp-block-file__button\" download>T\u00e9l\u00e9charger<\/a><\/div>\n","protected":false},"excerpt":{"rendered":"<p>La fr\u00e9quentation de l\u2019\u00e9cole est obligatoire d\u00e8s l\u2019\u00e2ge de 5 ans. D\u00e8s la 3\u00e8me maternelle, toute absence doit \u00eatre justifi\u00e9e par \u00e9crit \u00e0 l\u2019aide du formulaire \u00ab&nbsp;Justificatif d\u2019absence&nbsp;\u00bb. A partir du quatri\u00e8me jour d\u2019absence, un certificat m\u00e9dical doit \u00eatre remis.<\/p>\n","protected":false},"author":1,"featured_media":0,"parent":2,"menu_order":0,"comment_status":"closed","ping_status":"closed","template":"","meta":{"footnotes":""},"class_list":["post-20","page","type-page","status-publish","hentry"],"_links":{"self":[{"href":"https:\/\/ecolesdemines.be\/index.php\/wp-json\/wp\/v2\/pages\/20","targetHints":{"allow":["GET"]}}],"collection":[{"href":"https:\/\/ecolesdemines.be\/index.php\/wp-json\/wp\/v2\/pages"}],"about":[{"href":"https:\/\/ecolesdemines.be\/index.php\/wp-json\/wp\/v2\/types\/page"}],"author":[{"embeddable":true,"href":"https:\/\/ecolesdemines.be\/index.php\/wp-json\/wp\/v2\/users\/1"}],"replies":[{"embeddable":true,"href":"https:\/\/ecolesdemines.be\/index.php\/wp-json\/wp\/v2\/comments?post=20"}],"version-history":[{"count":5,"href":"https:\/\/ecolesdemines.be\/index.php\/wp-json\/wp\/v2\/pages\/20\/revisions"}],"predecessor-version":[{"id":365,"href":"https:\/\/ecolesdemines.be\/index.php\/wp-json\/wp\/v2\/pages\/20\/revisions\/365"}],"up":[{"embeddable":true,"href":"https:\/\/ecolesdemines.be\/index.php\/wp-json\/wp\/v2\/pages\/2"}],"wp:attachment":[{"href":"https:\/\/ecolesdemines.be\/index.php\/wp-json\/wp\/v2\/media?parent=20"}],"curies":[{"name":"wp","href":"https:\/\/api.w.org\/{rel}","templated":true}]}}