{"id":44,"date":"2020-08-26T11:00:22","date_gmt":"2020-08-26T11:00:22","guid":{"rendered":"http:\/\/ecolesdemines.be\/?page_id=44"},"modified":"2025-04-30T09:06:34","modified_gmt":"2025-04-30T09:06:34","slug":"p4-madame-laurence","status":"publish","type":"page","link":"https:\/\/ecolesdemines.be\/index.php\/nos-classes\/p4-madame-laurence\/","title":{"rendered":"P3 : Madame Laurence"},"content":{"rendered":"\n<p class=\"has-large-font-size\"><strong><span style=\"color:#0693e3\" class=\"tadv-color\">En route vers l\u2019autonomie !&nbsp;<\/span><\/strong><\/p>\n\n\n\n<p><\/p>\n\n\n\n<p class=\"has-large-font-size\"><strong><span style=\"color:#9b51e0\" class=\"tadv-color\">Bienvenue en P3!<\/span><\/strong><\/p>\n\n\n\n<p><\/p>\n\n\n\n<p>Les <strong>objectifs<\/strong> de la 4i\u00e8me primaire&nbsp;?<\/p>\n\n\n\n<ul class=\"wp-block-list\">\n<li>\u00catre acteur de ses apprentissages<\/li>\n\n\n\n<li>D\u00e9velopper son autonomie<\/li>\n\n\n\n<li>Renforcer les comp\u00e9tences abord\u00e9es en 3i\u00e8me<\/li>\n<\/ul>\n\n\n\n<p>&nbsp;<strong>Comment&nbsp;?<\/strong><strong><\/strong><\/p>\n\n\n\n<p>En amenant chaque enfant \u00e0 d\u00e9couvrir la mati\u00e8re via la manipulation, le raisonnement, la mise en m\u00e9moire et l\u2019entrainement.<\/p>\n\n\n\n<p>La <strong>manipulation<\/strong> et le <strong>raisonnement<\/strong> se feront via des activit\u00e9s men\u00e9es en classe, de mani\u00e8re collective ou individuelle.<\/p>\n\n\n\n<p>La <strong>mise en m\u00e9moire<\/strong> d\u00e9butera en classe via la construction de synth\u00e8ses et par le retour sur les apprentissages.<\/p>\n\n\n\n<p>L\u2019<strong>entrainement<\/strong> renforcera les actions pr\u00e9c\u00e9dentes.<\/p>\n\n\n\n<p><strong>Quels outils&nbsp;?<\/strong><\/p>\n\n\n\n<ol style=\"list-style-type:1\" class=\"wp-block-list\">\n<li><strong><em>Les Etoiles ou les Ceintures<\/em><\/strong><\/li>\n<\/ol>\n\n\n\n<p>Il s\u2019agit d\u2019un syst\u00e8me o\u00f9 chaque \u00e9l\u00e8ve s\u2019entraine sur une notion vue en classe en autonomie, \u00e0 son rythme.<\/p>\n\n\n\n<p>Cette ann\u00e9e, votre enfant progressera via ce syst\u00e8me en calcul \u00e9crit, en grammaire, en conjugaison. Il approfondira \u00e9galement sa connaissance des tables de multiplication.<\/p>\n\n\n\n<p>2. <strong>Des Dict\u00e9es<\/strong><\/p>\n\n\n\n<p>Des dict\u00e9es de diff\u00e9rentes formes, progressives, en phase avec les notions enseign\u00e9es.<\/p>\n\n\n\n<p>Des dict\u00e9es pr\u00e9par\u00e9es par des dict\u00e9es d\u2019entrainement.<\/p>\n\n\n\n<p>Des dict\u00e9es diff\u00e9renci\u00e9es.<\/p>\n\n\n\n<p><strong>3.&nbsp; Des rituels<\/strong><\/p>\n\n\n\n<p><strong>Le rituel Lecture Plaisir<\/strong><\/p>\n\n\n\n<p>2x par semaine, pour d\u00e9velopper le go\u00fbt de la lecture, nous lirons un livre de notre choix<\/p>\n\n\n\n<p><strong>Le Jogging d\u2019\u00e9criture<\/strong><\/p>\n\n\n\n<p>Ecrire, encore et encore&nbsp;! Avec une ou deux contraintes. L\u2019objectif ici est d\u2019\u00e9crire le plus possible. L\u2019orthographe n\u2019est pas corrig\u00e9e.<\/p>\n\n\n\n<p><strong>Le calcul en t\u00eate<\/strong><\/p>\n\n\n\n<p>Des techniques simples, concr\u00e8tes qui permettront \u00e0 chacun de choisir, petit \u00e0 petit, la m\u00e9thode qui lui convient le mieux.<\/p>\n\n\n\n<p><mark>Mais encore \u2026&nbsp;?<\/mark><\/p>\n\n\n\n<p><strong>Les le\u00e7ons<\/strong><\/p>\n\n\n\n<p>En plus des tests r\u00e9alis\u00e9s lors des \u00e9toiles et des ceintures, des le\u00e7ons seront \u00e0 \u00e9tudier r\u00e9guli\u00e8rement.<\/p>\n\n\n\n<p>En classe, nous aurons plusieurs s\u00e9ances o\u00f9 nous apprendrons comment \u00e9tudier.<\/p>\n\n\n\n<p>Le syst\u00e8me des appr\u00e9ciations d\u00e9but\u00e9 l\u2019an dernier continuera&nbsp;:<\/p>\n\n\n\n<p>&nbsp; Acquis + (A+) : Je sais tr\u00e8s bien le faire.<\/p>\n\n\n\n<p>&nbsp; Acquis (A) : Je sais bien le faire.<\/p>\n\n\n\n<p>&nbsp; En voie d\u2019acquisition (VA) : Je dois encore&nbsp;progresser<\/p>\n\n\n\n<p>&nbsp; Non acquis (NA) : Je ne sais pas encore le faire<\/p>\n\n\n\n<p><strong>Le mat\u00e9riel<\/strong><\/p>\n\n\n\n<p><strong>Fardes et cahiers<\/strong><\/p>\n\n\n\n<p>1 farde de transport (cartable)<\/p>\n\n\n\n<p>1 farde de communication (cartable)<\/p>\n\n\n\n<p>1 farde de synth\u00e8se<\/p>\n\n\n\n<p>2 fardes d\u2019exercices (en classe)<\/p>\n\n\n\n<p>1 farde d\u2019\u00e9valuation<\/p>\n\n\n\n<p>1 cahier de Math\u00e9matique<\/p>\n\n\n\n<p>1 cahier d\u2019entrainement Fran\u00e7ais<\/p>\n\n\n\n<p>1 cahier de dict\u00e9es<\/p>\n\n\n\n<p>1 cahier de Ceintures et Etoiles<\/p>\n\n\n\n<p>1 carnet d\u2019apprentissages<\/p>\n\n\n\n<p>1 journal de classe<\/p>\n\n\n\n<p>(ce mat\u00e9riel est fourni par l\u2019\u00e9cole)<\/p>\n\n\n\n<p><strong>Pour bien travailler en classe, il est n\u00e9cessaire d\u2019avoir\u2026<\/strong><\/p>\n\n\n\n<p>Un stylo et un effaceur (pas de Tipp-Ex), un bic 4 couleurs, un crayon ( ou mieux&nbsp;: un porte-mine), une gomme, de la colle, des ciseaux, une latte et des crayons de couleur.<\/p>\n\n\n\n<p><\/p>\n\n\n\n<p><strong>Me contacter&nbsp;?<\/strong><\/p>\n\n\n\n<p>Si vous d\u00e9sirez me rencontrer en dehors des r\u00e9unions de parents,<\/p>\n\n\n\n<ul class=\"wp-block-list\">\n<li>Interpellez-moi \u00e0 la sortie des cours<\/li>\n\n\n\n<li>Ou laissez-moi un mot dans le JDC<\/li>\n\n\n\n<li>ou via ClassDojo<\/li>\n<\/ul>\n","protected":false},"excerpt":{"rendered":"<p>En route vers l\u2019autonomie !&nbsp; Bienvenue en P3! Les objectifs de la 4i\u00e8me primaire&nbsp;? &nbsp;Comment&nbsp;? En amenant chaque enfant \u00e0 d\u00e9couvrir la mati\u00e8re via la manipulation, le raisonnement, la mise en m\u00e9moire et l\u2019entrainement. La manipulation et le raisonnement se feront via des activit\u00e9s men\u00e9es en classe, de mani\u00e8re collective &hellip; <\/p>\n","protected":false},"author":1,"featured_media":0,"parent":22,"menu_order":0,"comment_status":"closed","ping_status":"closed","template":"","meta":{"footnotes":""},"class_list":["post-44","page","type-page","status-publish","hentry"],"_links":{"self":[{"href":"https:\/\/ecolesdemines.be\/index.php\/wp-json\/wp\/v2\/pages\/44","targetHints":{"allow":["GET"]}}],"collection":[{"href":"https:\/\/ecolesdemines.be\/index.php\/wp-json\/wp\/v2\/pages"}],"about":[{"href":"https:\/\/ecolesdemines.be\/index.php\/wp-json\/wp\/v2\/types\/page"}],"author":[{"embeddable":true,"href":"https:\/\/ecolesdemines.be\/index.php\/wp-json\/wp\/v2\/users\/1"}],"replies":[{"embeddable":true,"href":"https:\/\/ecolesdemines.be\/index.php\/wp-json\/wp\/v2\/comments?post=44"}],"version-history":[{"count":10,"href":"https:\/\/ecolesdemines.be\/index.php\/wp-json\/wp\/v2\/pages\/44\/revisions"}],"predecessor-version":[{"id":3548,"href":"https:\/\/ecolesdemines.be\/index.php\/wp-json\/wp\/v2\/pages\/44\/revisions\/3548"}],"up":[{"embeddable":true,"href":"https:\/\/ecolesdemines.be\/index.php\/wp-json\/wp\/v2\/pages\/22"}],"wp:attachment":[{"href":"https:\/\/ecolesdemines.be\/index.php\/wp-json\/wp\/v2\/media?parent=44"}],"curies":[{"name":"wp","href":"https:\/\/api.w.org\/{rel}","templated":true}]}}

<p class="has-large-font-size"><strong><span style="color:#0693e3" class="tadv-color">En route vers l’autonomie !&nbsp;</span></strong></p>



<p></p>



<p class="has-large-font-size"><strong><span style="color:#9b51e0" class="tadv-color">Bienvenue en P3!</span></strong></p>



<p></p>



<p>Les <strong>objectifs</strong> de la 4ième primaire&nbsp;?</p>



<ul class="wp-block-list">
<li>Être acteur de ses apprentissages</li>



<li>Développer son autonomie</li>



<li>Renforcer les compétences abordées en 3ième</li>
</ul>



<p>&nbsp;<strong>Comment&nbsp;?</strong><strong></strong></p>



<p>En amenant chaque enfant à découvrir la matière via la manipulation, le raisonnement, la mise en mémoire et l’entrainement.</p>



<p>La <strong>manipulation</strong> et le <strong>raisonnement</strong> se feront via des activités menées en classe, de manière collective ou individuelle.</p>



<p>La <strong>mise en mémoire</strong> débutera en classe via la construction de synthèses et par le retour sur les apprentissages.</p>



<p>L’<strong>entrainement</strong> renforcera les actions précédentes.</p>



<p><strong>Quels outils&nbsp;?</strong></p>



<ol style="list-style-type:1" class="wp-block-list">
<li><strong><em>Les Etoiles ou les Ceintures</em></strong></li>
</ol>



<p>Il s’agit d’un système où chaque élève s’entraine sur une notion vue en classe en autonomie, à son rythme.</p>



<p>Cette année, votre enfant progressera via ce système en calcul écrit, en grammaire, en conjugaison. Il approfondira également sa connaissance des tables de multiplication.</p>



<p>2. <strong>Des Dictées</strong></p>



<p>Des dictées de différentes formes, progressives, en phase avec les notions enseignées.</p>



<p>Des dictées préparées par des dictées d’entrainement.</p>



<p>Des dictées différenciées.</p>



<p><strong>3.&nbsp; Des rituels</strong></p>



<p><strong>Le rituel Lecture Plaisir</strong></p>



<p>2x par semaine, pour développer le goût de la lecture, nous lirons un livre de notre choix</p>



<p><strong>Le Jogging d’écriture</strong></p>



<p>Ecrire, encore et encore&nbsp;! Avec une ou deux contraintes. L’objectif ici est d’écrire le plus possible. L’orthographe n’est pas corrigée.</p>



<p><strong>Le calcul en tête</strong></p>



<p>Des techniques simples, concrètes qui permettront à chacun de choisir, petit à petit, la méthode qui lui convient le mieux.</p>



<p><mark>Mais encore …&nbsp;?</mark></p>



<p><strong>Les leçons</strong></p>



<p>En plus des tests réalisés lors des étoiles et des ceintures, des leçons seront à étudier régulièrement.</p>



<p>En classe, nous aurons plusieurs séances où nous apprendrons comment étudier.</p>



<p>Le système des appréciations débuté l’an dernier continuera&nbsp;:</p>



<p>&nbsp; Acquis + (A+) : Je sais très bien le faire.</p>



<p>&nbsp; Acquis (A) : Je sais bien le faire.</p>



<p>&nbsp; En voie d’acquisition (VA) : Je dois encore&nbsp;progresser</p>



<p>&nbsp; Non acquis (NA) : Je ne sais pas encore le faire</p>



<p><strong>Le matériel</strong></p>



<p><strong>Fardes et cahiers</strong></p>



<p>1 farde de transport (cartable)</p>



<p>1 farde de communication (cartable)</p>



<p>1 farde de synthèse</p>



<p>2 fardes d’exercices (en classe)</p>



<p>1 farde d’évaluation</p>



<p>1 cahier de Mathématique</p>



<p>1 cahier d’entrainement Français</p>



<p>1 cahier de dictées</p>



<p>1 cahier de Ceintures et Etoiles</p>



<p>1 carnet d’apprentissages</p>



<p>1 journal de classe</p>



<p>(ce matériel est fourni par l’école)</p>



<p><strong>Pour bien travailler en classe, il est nécessaire d’avoir…</strong></p>



<p>Un stylo et un effaceur (pas de Tipp-Ex), un bic 4 couleurs, un crayon ( ou mieux&nbsp;: un porte-mine), une gomme, de la colle, des ciseaux, une latte et des crayons de couleur.</p>



<p></p>



<p><strong>Me contacter&nbsp;?</strong></p>



<p>Si vous désirez me rencontrer en dehors des réunions de parents,</p>



<ul class="wp-block-list">
<li>Interpellez-moi à la sortie des cours</li>



<li>Ou laissez-moi un mot dans le JDC</li>



<li>ou via ClassDojo</li>
</ul>

<p>En route vers l’autonomie !&nbsp; Bienvenue en P3! Les objectifs de la 4ième primaire&nbsp;? &nbsp;Comment&nbsp;? En amenant chaque enfant à découvrir la matière via la manipulation, le raisonnement, la mise en mémoire et l’entrainement. La manipulation et le raisonnement se feront via des activités menées en classe, de manière collective &hellip; </p>
