{"id":66,"date":"2020-08-26T11:04:31","date_gmt":"2020-08-26T11:04:31","guid":{"rendered":"http:\/\/ecolesdemines.be\/?page_id=66"},"modified":"2025-04-30T09:06:51","modified_gmt":"2025-04-30T09:06:51","slug":"ape","status":"publish","type":"page","link":"https:\/\/ecolesdemines.be\/index.php\/ape\/","title":{"rendered":"APE"},"content":{"rendered":"\n<div class=\"wp-block-columns is-layout-flex wp-container-core-columns-is-layout-9d6595d7 wp-block-columns-is-layout-flex\">\n<div class=\"wp-block-column is-layout-flow wp-block-column-is-layout-flow\" style=\"flex-basis:33.33%\">\n<figure class=\"wp-block-image size-large is-resized\"><a href=\"https:\/\/ecolesdemines.be\/index.php\/presentation\/\"><img fetchpriority=\"high\" decoding=\"async\" src=\"https:\/\/ecolesdemines.be\/wp-content\/uploads\/2020\/11\/APE-Emines-1024x990.png\" alt=\"\" class=\"wp-image-415\" width=\"251\" height=\"242\" srcset=\"https:\/\/ecolesdemines.be\/wp-content\/uploads\/2020\/11\/APE-Emines-1024x990.png 1024w, https:\/\/ecolesdemines.be\/wp-content\/uploads\/2020\/11\/APE-Emines-300x290.png 300w, https:\/\/ecolesdemines.be\/wp-content\/uploads\/2020\/11\/APE-Emines-768x742.png 768w, https:\/\/ecolesdemines.be\/wp-content\/uploads\/2020\/11\/APE-Emines.png 1283w\" sizes=\"(max-width: 251px) 100vw, 251px\" \/><\/a><figcaption>En savoir plus, cliquez l&rsquo;image<\/figcaption><\/figure>\n<\/div>\n\n\n\n<div class=\"wp-block-column is-layout-flow wp-block-column-is-layout-flow\" style=\"flex-basis:66.66%\">\n<figure class=\"wp-block-pullquote\"><blockquote><p>Association des Parents d&rsquo;El\u00e8ves<\/p><cite>L\u2019association des parents de l\u2019\u00e9cole d\u2019Emines r\u00e9unit les parents qui souhaitent s\u2019investir, de fa\u00e7on b\u00e9n\u00e9vole, dans la vie de l\u2019\u00e9cole et travailler, en collaboration avec les enseignants et la direction, pour le bien-\u00eatre des \u00e9l\u00e8ves et l\u2019int\u00e9r\u00eat collectif.<\/cite><\/blockquote><\/figure>\n<\/div>\n<\/div>\n\n\n\n<hr class=\"wp-block-separator\"\/>\n\n\n\n<div class=\"wp-block-columns is-layout-flex wp-container-core-columns-is-layout-9d6595d7 wp-block-columns-is-layout-flex\">\n<div class=\"wp-block-column is-layout-flow wp-block-column-is-layout-flow\">\n<div class=\"wp-block-image\"><figure class=\"alignleft size-large is-resized\"><a href=\"https:\/\/ecolesdemines.be\/index.php\/ape\/ordre-du-jour-2\/\"><img decoding=\"async\" src=\"https:\/\/ecolesdemines.be\/wp-content\/uploads\/2020\/11\/Ordre-du-jour.png\" alt=\"\" class=\"wp-image-420\" width=\"132\" height=\"113\" srcset=\"https:\/\/ecolesdemines.be\/wp-content\/uploads\/2020\/11\/Ordre-du-jour.png 805w, https:\/\/ecolesdemines.be\/wp-content\/uploads\/2020\/11\/Ordre-du-jour-300x259.png 300w, https:\/\/ecolesdemines.be\/wp-content\/uploads\/2020\/11\/Ordre-du-jour-768x664.png 768w\" sizes=\"(max-width: 132px) 100vw, 132px\" \/><\/a><figcaption>Ordre du Jour <br>Assembl\u00e9e G\u00e9n\u00e9rale<\/figcaption><\/figure><\/div>\n<\/div>\n\n\n\n<div class=\"wp-block-column is-layout-flow wp-block-column-is-layout-flow\">\n<div class=\"wp-block-image is-style-default\"><figure class=\"aligncenter size-large is-resized\"><a href=\"https:\/\/ecolesdemines.be\/index.php\/pv-ape\/\"><img decoding=\"async\" src=\"https:\/\/ecolesdemines.be\/wp-content\/uploads\/2020\/11\/rapport.png\" alt=\"\" class=\"wp-image-434\" width=\"147\" height=\"147\" srcset=\"https:\/\/ecolesdemines.be\/wp-content\/uploads\/2020\/11\/rapport.png 400w, https:\/\/ecolesdemines.be\/wp-content\/uploads\/2020\/11\/rapport-300x300.png 300w, https:\/\/ecolesdemines.be\/wp-content\/uploads\/2020\/11\/rapport-150x150.png 150w, https:\/\/ecolesdemines.be\/wp-content\/uploads\/2020\/11\/rapport-60x60.png 60w, https:\/\/ecolesdemines.be\/wp-content\/uploads\/2020\/11\/rapport-235x235.png 235w, https:\/\/ecolesdemines.be\/wp-content\/uploads\/2020\/11\/rapport-255x255.png 255w\" sizes=\"(max-width: 147px) 100vw, 147px\" \/><\/a><figcaption>Rapport Assembl\u00e9e G\u00e9n\u00e9rale<\/figcaption><\/figure><\/div>\n<\/div>\n\n\n\n<div class=\"wp-block-column is-vertically-aligned-top is-layout-flow wp-block-column-is-layout-flow\">\n<div class=\"wp-block-image\"><figure class=\"aligncenter size-large is-resized\"><a href=\"mailto:ape-emines@hotmail.com\"><img loading=\"lazy\" decoding=\"async\" src=\"https:\/\/ecolesdemines.be\/wp-content\/uploads\/2020\/11\/contacter.png\" alt=\"\" class=\"wp-image-467\" width=\"169\" height=\"89\" srcset=\"https:\/\/ecolesdemines.be\/wp-content\/uploads\/2020\/11\/contacter.png 450w, https:\/\/ecolesdemines.be\/wp-content\/uploads\/2020\/11\/contacter-300x160.png 300w\" sizes=\"(max-width: 169px) 100vw, 169px\" \/><\/a><\/figure><\/div>\n\n\n\n<div class=\"wp-block-image\"><figure class=\"aligncenter size-large is-resized\"><a href=\"https:\/\/www.facebook.com\/groups\/1724609161152115\"><img loading=\"lazy\" decoding=\"async\" src=\"https:\/\/ecolesdemines.be\/wp-content\/uploads\/2020\/11\/fb-1.png\" alt=\"\" class=\"wp-image-479\" width=\"94\" height=\"82\"\/><\/a><\/figure><\/div>\n<\/div>\n<\/div>\n\n\n\n<hr class=\"wp-block-separator\"\/>\n\n\n\n<h3 class=\"wp-block-heading\"><em>Activit\u00e9s &#8211; Projets &#8211; R\u00e9alisations<\/em><\/h3>\n\n\n\n<div class=\"wp-block-columns is-layout-flex wp-container-core-columns-is-layout-9d6595d7 wp-block-columns-is-layout-flex\">\n<div class=\"wp-block-column is-layout-flow wp-block-column-is-layout-flow\">\n<figure class=\"wp-block-image size-large is-resized is-style-rounded\"><a href=\"https:\/\/ecolesdemines.be\/index.php\/ape\/fancy-marche-2021\/\"><img loading=\"lazy\" decoding=\"async\" src=\"https:\/\/ecolesdemines.be\/wp-content\/uploads\/2021\/06\/image.png\" alt=\"\" class=\"wp-image-857\" width=\"247\" height=\"349\" srcset=\"https:\/\/ecolesdemines.be\/wp-content\/uploads\/2021\/06\/image.png 454w, https:\/\/ecolesdemines.be\/wp-content\/uploads\/2021\/06\/image-212x300.png 212w\" sizes=\"(max-width: 247px) 100vw, 247px\" \/><\/a><figcaption>La premi\u00e8re \u00e9dition de la Fancy Marche a eu son petit succ\u00e8s. plus d&rsquo;info en cliquant l&rsquo;image<\/figcaption><\/figure>\n\n\n\n<figure class=\"wp-block-image size-large\"><img loading=\"lazy\" decoding=\"async\" width=\"1024\" height=\"576\" src=\"https:\/\/ecolesdemines.be\/wp-content\/uploads\/2021\/03\/amenagement-cour-de-recreation-1024x576.png\" alt=\"\" class=\"wp-image-551\" srcset=\"https:\/\/ecolesdemines.be\/wp-content\/uploads\/2021\/03\/amenagement-cour-de-recreation-1024x576.png 1024w, https:\/\/ecolesdemines.be\/wp-content\/uploads\/2021\/03\/amenagement-cour-de-recreation-300x169.png 300w, https:\/\/ecolesdemines.be\/wp-content\/uploads\/2021\/03\/amenagement-cour-de-recreation-768x432.png 768w, https:\/\/ecolesdemines.be\/wp-content\/uploads\/2021\/03\/amenagement-cour-de-recreation-1536x864.png 1536w, https:\/\/ecolesdemines.be\/wp-content\/uploads\/2021\/03\/amenagement-cour-de-recreation.png 1920w\" sizes=\"(max-width: 1024px) 100vw, 1024px\" \/><figcaption>Am\u00e9nagement de la cour de r\u00e9cr\u00e9ation<br>Module de jeux<br>Une majorit\u00e9 des b\u00e9n\u00e9fices r\u00e9alis\u00e9s ces derni\u00e8res ann\u00e9es sont d\u00e9di\u00e9s \u00e0 l&rsquo;am\u00e9nagement de la cour de r\u00e9cr\u00e9ation. Une fois l&rsquo;extension de l&rsquo;\u00e9cole r\u00e9alis\u00e9e.<\/figcaption><\/figure>\n<\/div>\n\n\n\n<div class=\"wp-block-column is-layout-flow wp-block-column-is-layout-flow\">\n<div class=\"wp-block-image is-style-rounded\"><figure class=\"aligncenter size-large is-resized\"><a href=\"https:\/\/ecolesdemines.be\/index.php\/ape\/sapins-de-noel\/\"><img loading=\"lazy\" decoding=\"async\" src=\"https:\/\/ecolesdemines.be\/wp-content\/uploads\/2021\/03\/Sapin-1024x1024.jpg\" alt=\"\" class=\"wp-image-548\" width=\"202\" height=\"202\" srcset=\"https:\/\/ecolesdemines.be\/wp-content\/uploads\/2021\/03\/Sapin-1024x1024.jpg 1024w, https:\/\/ecolesdemines.be\/wp-content\/uploads\/2021\/03\/Sapin-300x300.jpg 300w, https:\/\/ecolesdemines.be\/wp-content\/uploads\/2021\/03\/Sapin-150x150.jpg 150w, https:\/\/ecolesdemines.be\/wp-content\/uploads\/2021\/03\/Sapin-768x768.jpg 768w, https:\/\/ecolesdemines.be\/wp-content\/uploads\/2021\/03\/Sapin-60x60.jpg 60w, https:\/\/ecolesdemines.be\/wp-content\/uploads\/2021\/03\/Sapin-235x235.jpg 235w, https:\/\/ecolesdemines.be\/wp-content\/uploads\/2021\/03\/Sapin-255x255.jpg 255w, https:\/\/ecolesdemines.be\/wp-content\/uploads\/2021\/03\/Sapin.jpg 1137w\" sizes=\"(max-width: 202px) 100vw, 202px\" \/><\/a><figcaption>Vente Sapin de No\u00ebl<\/figcaption><\/figure><\/div>\n\n\n\n<div class=\"wp-block-image is-style-rounded\"><figure class=\"aligncenter size-large\"><img loading=\"lazy\" decoding=\"async\" width=\"640\" height=\"360\" src=\"https:\/\/ecolesdemines.be\/wp-content\/uploads\/2021\/05\/dscf0247.3H1IkP3B1VPH-3.jpg\" alt=\"\" class=\"wp-image-833\" srcset=\"https:\/\/ecolesdemines.be\/wp-content\/uploads\/2021\/05\/dscf0247.3H1IkP3B1VPH-3.jpg 640w, https:\/\/ecolesdemines.be\/wp-content\/uploads\/2021\/05\/dscf0247.3H1IkP3B1VPH-3-300x169.jpg 300w\" sizes=\"(max-width: 640px) 100vw, 640px\" \/><figcaption>Gestion Biblioth\u00e8que<br>Abonnement livre<\/figcaption><\/figure><\/div>\n\n\n\n<p><\/p>\n<\/div>\n\n\n\n<div class=\"wp-block-column is-layout-flow wp-block-column-is-layout-flow\">\n<div class=\"wp-block-image is-style-rounded\"><figure class=\"aligncenter size-large\"><img loading=\"lazy\" decoding=\"async\" width=\"1024\" height=\"576\" src=\"https:\/\/ecolesdemines.be\/wp-content\/uploads\/2021\/03\/l-appareil-photo-reflex-1024x576.jpg\" alt=\"\" class=\"wp-image-555\" srcset=\"https:\/\/ecolesdemines.be\/wp-content\/uploads\/2021\/03\/l-appareil-photo-reflex-1024x576.jpg 1024w, https:\/\/ecolesdemines.be\/wp-content\/uploads\/2021\/03\/l-appareil-photo-reflex-300x169.jpg 300w, https:\/\/ecolesdemines.be\/wp-content\/uploads\/2021\/03\/l-appareil-photo-reflex-768x432.jpg 768w, https:\/\/ecolesdemines.be\/wp-content\/uploads\/2021\/03\/l-appareil-photo-reflex.jpg 1120w\" sizes=\"(max-width: 1024px) 100vw, 1024px\" \/><figcaption>Le saviez vous ? <br>Les photos de classes sont aux profits de l&rsquo;\u00e9cole<\/figcaption><\/figure><\/div>\n\n\n\n<div class=\"wp-block-image is-style-rounded\"><figure class=\"aligncenter size-large is-resized\"><img loading=\"lazy\" decoding=\"async\" src=\"https:\/\/ecolesdemines.be\/wp-content\/uploads\/2021\/03\/coming-soon-1024x1024.png\" alt=\"\" class=\"wp-image-540\" width=\"163\" height=\"163\" srcset=\"https:\/\/ecolesdemines.be\/wp-content\/uploads\/2021\/03\/coming-soon-1024x1024.png 1024w, https:\/\/ecolesdemines.be\/wp-content\/uploads\/2021\/03\/coming-soon-300x300.png 300w, https:\/\/ecolesdemines.be\/wp-content\/uploads\/2021\/03\/coming-soon-150x150.png 150w, https:\/\/ecolesdemines.be\/wp-content\/uploads\/2021\/03\/coming-soon-768x768.png 768w, https:\/\/ecolesdemines.be\/wp-content\/uploads\/2021\/03\/coming-soon-1536x1536.png 1536w, https:\/\/ecolesdemines.be\/wp-content\/uploads\/2021\/03\/coming-soon-2048x2048.png 2048w, https:\/\/ecolesdemines.be\/wp-content\/uploads\/2021\/03\/coming-soon-60x60.png 60w, https:\/\/ecolesdemines.be\/wp-content\/uploads\/2021\/03\/coming-soon-235x235.png 235w, https:\/\/ecolesdemines.be\/wp-content\/uploads\/2021\/03\/coming-soon-255x255.png 255w\" sizes=\"(max-width: 163px) 100vw, 163px\" \/><\/figure><\/div>\n<\/div>\n<\/div>\n","protected":false},"excerpt":{"rendered":"<p>Association des Parents d&rsquo;El\u00e8ves L\u2019association des parents de l\u2019\u00e9cole d\u2019Emines r\u00e9unit les parents qui souhaitent s\u2019investir, de fa\u00e7on b\u00e9n\u00e9vole, dans la vie de l\u2019\u00e9cole et travailler, en collaboration avec les enseignants et la direction, pour le bien-\u00eatre des \u00e9l\u00e8ves et l\u2019int\u00e9r\u00eat collectif. Activit\u00e9s &#8211; Projets &#8211; R\u00e9alisations<\/p>\n","protected":false},"author":3,"featured_media":0,"parent":0,"menu_order":6,"comment_status":"closed","ping_status":"closed","template":"","meta":{"footnotes":""},"class_list":["post-66","page","type-page","status-publish","hentry"],"_links":{"self":[{"href":"https:\/\/ecolesdemines.be\/index.php\/wp-json\/wp\/v2\/pages\/66","targetHints":{"allow":["GET"]}}],"collection":[{"href":"https:\/\/ecolesdemines.be\/index.php\/wp-json\/wp\/v2\/pages"}],"about":[{"href":"https:\/\/ecolesdemines.be\/index.php\/wp-json\/wp\/v2\/types\/page"}],"author":[{"embeddable":true,"href":"https:\/\/ecolesdemines.be\/index.php\/wp-json\/wp\/v2\/users\/3"}],"replies":[{"embeddable":true,"href":"https:\/\/ecolesdemines.be\/index.php\/wp-json\/wp\/v2\/comments?post=66"}],"version-history":[{"count":45,"href":"https:\/\/ecolesdemines.be\/index.php\/wp-json\/wp\/v2\/pages\/66\/revisions"}],"predecessor-version":[{"id":1374,"href":"https:\/\/ecolesdemines.be\/index.php\/wp-json\/wp\/v2\/pages\/66\/revisions\/1374"}],"wp:attachment":[{"href":"https:\/\/ecolesdemines.be\/index.php\/wp-json\/wp\/v2\/media?parent=66"}],"curies":[{"name":"wp","href":"https:\/\/api.w.org\/{rel}","templated":true}]}}